{"id":81,"date":"2019-05-07T00:55:51","date_gmt":"2019-05-07T03:55:51","guid":{"rendered":"http:\/\/lynncarone.com\/?page_id=81"},"modified":"2019-12-10T14:59:51","modified_gmt":"2019-12-10T17:59:51","slug":"gravuras","status":"publish","type":"page","link":"https:\/\/lynncarone.com\/home\/gravuras\/","title":{"rendered":"Gravuras"},"content":{"rendered":"<div class=\"vlp-link-container vlp-layout-basic\"><a href=\"http:\/\/lynncarone.com\/galeria\/ainda-esta-em-tempo\" class=\"vlp-link\" title=\"Ainda est\u00e1 em tempo\" rel=\"nofollow\" target=\"_blank\"><\/a><div class=\"vlp-layout-zone-side\"><div class=\"vlp-block-2 vlp-link-image\"><img style=\"max-width: 150px;\" width=\"150\" height=\"147\" src=\"https:\/\/lynncarone.com\/wp-content\/uploads\/2019\/05\/7-S\u00e9rie-_ainda-est\u00e1-em-tempo_gravura-em-metal-\u00e1gua-forte-e-\u00e1gua-tinta.jpg\" class=\"attachment-150x999 size-150x999\" alt=\"\" srcset=\"https:\/\/lynncarone.com\/wp-content\/uploads\/2019\/05\/7-S\u00e9rie-_ainda-est\u00e1-em-tempo_gravura-em-metal-\u00e1gua-forte-e-\u00e1gua-tinta.jpg 2179w, https:\/\/lynncarone.com\/wp-content\/uploads\/2019\/05\/7-S\u00e9rie-_ainda-est\u00e1-em-tempo_gravura-em-metal-\u00e1gua-forte-e-\u00e1gua-tinta-300x294.jpg 300w, https:\/\/lynncarone.com\/wp-content\/uploads\/2019\/05\/7-S\u00e9rie-_ainda-est\u00e1-em-tempo_gravura-em-metal-\u00e1gua-forte-e-\u00e1gua-tinta-768x752.jpg 768w, https:\/\/lynncarone.com\/wp-content\/uploads\/2019\/05\/7-S\u00e9rie-_ainda-est\u00e1-em-tempo_gravura-em-metal-\u00e1gua-forte-e-\u00e1gua-tinta-1024x1002.jpg 1024w, https:\/\/lynncarone.com\/wp-content\/uploads\/2019\/05\/7-S\u00e9rie-_ainda-est\u00e1-em-tempo_gravura-em-metal-\u00e1gua-forte-e-\u00e1gua-tinta-720x705.jpg 720w\" sizes=\"(max-width: 150px) 100vw, 150px\" \/><\/div><\/div><div class=\"vlp-layout-zone-main\"><div class=\"vlp-block-0 vlp-link-title\">Ainda est\u00e1 em tempo<\/div><div class=\"vlp-block-1 vlp-link-summary\">There is still time<\/div><\/div><\/div>\n\n<div class=\"vlp-link-container vlp-layout-basic\"><a href=\"http:\/\/lynncarone.com\/galeria\/fluxo-de-encontros\" class=\"vlp-link\" title=\"Fluxo de encontros\" rel=\"nofollow\" target=\"_blank\"><\/a><div class=\"vlp-layout-zone-side\"><div class=\"vlp-block-2 vlp-link-image\"><img style=\"max-width: 150px;\" width=\"150\" height=\"146\" src=\"https:\/\/lynncarone.com\/wp-content\/uploads\/2019\/05\/2-s\u00e9rie-_fluxos-e-encontros_-\u00e1gua-forte-e-\u00e1gua-tinta.jpg\" class=\"attachment-150x999 size-150x999\" alt=\"\" srcset=\"https:\/\/lynncarone.com\/wp-content\/uploads\/2019\/05\/2-s\u00e9rie-_fluxos-e-encontros_-\u00e1gua-forte-e-\u00e1gua-tinta.jpg 1978w, https:\/\/lynncarone.com\/wp-content\/uploads\/2019\/05\/2-s\u00e9rie-_fluxos-e-encontros_-\u00e1gua-forte-e-\u00e1gua-tinta-300x292.jpg 300w, https:\/\/lynncarone.com\/wp-content\/uploads\/2019\/05\/2-s\u00e9rie-_fluxos-e-encontros_-\u00e1gua-forte-e-\u00e1gua-tinta-768x748.jpg 768w, https:\/\/lynncarone.com\/wp-content\/uploads\/2019\/05\/2-s\u00e9rie-_fluxos-e-encontros_-\u00e1gua-forte-e-\u00e1gua-tinta-1024x997.jpg 1024w, https:\/\/lynncarone.com\/wp-content\/uploads\/2019\/05\/2-s\u00e9rie-_fluxos-e-encontros_-\u00e1gua-forte-e-\u00e1gua-tinta-724x705.jpg 724w\" sizes=\"(max-width: 150px) 100vw, 150px\" \/><\/div><\/div><div class=\"vlp-layout-zone-main\"><div class=\"vlp-block-0 vlp-link-title\">Fluxo de encontros<\/div><div class=\"vlp-block-1 vlp-link-summary\">Streams and encounters<\/div><\/div><\/div>\n\n<div class=\"vlp-link-container vlp-layout-basic\"><a href=\"http:\/\/lynncarone.com\/galeria\/pedras-que-flutuam-pedras-que-voam\" class=\"vlp-link\" title=\"Pedras que flutuam, pedras que voam\" rel=\"nofollow\" target=\"_blank\"><\/a><div class=\"vlp-layout-zone-side\"><div class=\"vlp-block-2 vlp-link-image\"><img style=\"max-width: 150px;\" width=\"150\" height=\"113\" src=\"https:\/\/lynncarone.com\/wp-content\/uploads\/2019\/04\/7-gravuras-em-metal-_-pedras-que-flutuam_\u00e1gua-forte\u00e1gua-tinta-.jpg\" class=\"attachment-150x999 size-150x999\" alt=\"\" srcset=\"https:\/\/lynncarone.com\/wp-content\/uploads\/2019\/04\/7-gravuras-em-metal-_-pedras-que-flutuam_\u00e1gua-forte\u00e1gua-tinta-.jpg 1526w, https:\/\/lynncarone.com\/wp-content\/uploads\/2019\/04\/7-gravuras-em-metal-_-pedras-que-flutuam_\u00e1gua-forte\u00e1gua-tinta--300x226.jpg 300w, https:\/\/lynncarone.com\/wp-content\/uploads\/2019\/04\/7-gravuras-em-metal-_-pedras-que-flutuam_\u00e1gua-forte\u00e1gua-tinta--768x578.jpg 768w, https:\/\/lynncarone.com\/wp-content\/uploads\/2019\/04\/7-gravuras-em-metal-_-pedras-que-flutuam_\u00e1gua-forte\u00e1gua-tinta--1024x771.jpg 1024w, https:\/\/lynncarone.com\/wp-content\/uploads\/2019\/04\/7-gravuras-em-metal-_-pedras-que-flutuam_\u00e1gua-forte\u00e1gua-tinta--936x705.jpg 936w, https:\/\/lynncarone.com\/wp-content\/uploads\/2019\/04\/7-gravuras-em-metal-_-pedras-que-flutuam_\u00e1gua-forte\u00e1gua-tinta--270x203.jpg 270w\" sizes=\"(max-width: 150px) 100vw, 150px\" \/><\/div><\/div><div class=\"vlp-layout-zone-main\"><div class=\"vlp-block-0 vlp-link-title\">Pedras que flutuam, pedras que voam<\/div><div class=\"vlp-block-1 vlp-link-summary\">Floating stones, flying stones<\/div><\/div><\/div>","protected":false},"excerpt":{"rendered":"","protected":false},"author":2,"featured_media":0,"parent":0,"menu_order":0,"comment_status":"closed","ping_status":"closed","template":"","meta":[],"yoast_head":"<!-- This site is optimized with the Yoast SEO plugin v19.0 - https:\/\/yoast.com\/wordpress\/plugins\/seo\/ -->\n<title>Gravuras - Lynn Carone<\/title>\n<meta name=\"robots\" content=\"index, follow, max-snippet:-1, max-image-preview:large, max-video-preview:-1\" \/>\n<link rel=\"canonical\" href=\"https:\/\/lynncarone.com\/home\/gravuras\/\" \/>\n<meta property=\"og:locale\" content=\"pt_BR\" \/>\n<meta property=\"og:type\" content=\"article\" \/>\n<meta property=\"og:title\" content=\"Gravuras - Lynn Carone\" \/>\n<meta property=\"og:url\" content=\"https:\/\/lynncarone.com\/home\/gravuras\/\" \/>\n<meta property=\"og:site_name\" content=\"Lynn Carone\" \/>\n<meta property=\"article:modified_time\" content=\"2019-12-10T17:59:51+00:00\" \/>\n<meta property=\"og:image\" content=\"http:\/\/lynncarone.com\/wp-content\/uploads\/2019\/05\/7-S\u00e9rie-_ainda-est\u00e1-em-tempo_gravura-em-metal-\u00e1gua-forte-e-\u00e1gua-tinta.jpg\" \/>\n<meta name=\"twitter:card\" content=\"summary_large_image\" \/>\n<script type=\"application\/ld+json\" class=\"yoast-schema-graph\">{\"@context\":\"https:\/\/schema.org\",\"@graph\":[{\"@type\":[\"Person\",\"Organization\"],\"@id\":\"https:\/\/lynncarone.com\/home\/#\/schema\/person\/62b358248c7f3728d47b3b8a4983b6cb\",\"name\":\"Lynn Carone\",\"image\":{\"@type\":\"ImageObject\",\"inLanguage\":\"pt-BR\",\"@id\":\"https:\/\/lynncarone.com\/home\/#\/schema\/person\/image\/\",\"url\":\"https:\/\/lynncarone.com\/wp-content\/uploads\/2021\/07\/56539157_2331523753751186_6152032844651692032_n.jpg\",\"contentUrl\":\"https:\/\/lynncarone.com\/wp-content\/uploads\/2021\/07\/56539157_2331523753751186_6152032844651692032_n.jpg\",\"width\":2048,\"height\":2047,\"caption\":\"Lynn Carone\"},\"logo\":{\"@id\":\"https:\/\/lynncarone.com\/home\/#\/schema\/person\/image\/\"}},{\"@type\":\"WebSite\",\"@id\":\"https:\/\/lynncarone.com\/home\/#website\",\"url\":\"https:\/\/lynncarone.com\/home\/\",\"name\":\"Lynn Carone\",\"description\":\"Site\",\"publisher\":{\"@id\":\"https:\/\/lynncarone.com\/home\/#\/schema\/person\/62b358248c7f3728d47b3b8a4983b6cb\"},\"potentialAction\":[{\"@type\":\"SearchAction\",\"target\":{\"@type\":\"EntryPoint\",\"urlTemplate\":\"https:\/\/lynncarone.com\/home\/?s={search_term_string}\"},\"query-input\":\"required name=search_term_string\"}],\"inLanguage\":\"pt-BR\"},{\"@type\":\"WebPage\",\"@id\":\"https:\/\/lynncarone.com\/home\/gravuras\/#webpage\",\"url\":\"https:\/\/lynncarone.com\/home\/gravuras\/\",\"name\":\"Gravuras - Lynn Carone\",\"isPartOf\":{\"@id\":\"https:\/\/lynncarone.com\/home\/#website\"},\"datePublished\":\"2019-05-07T03:55:51+00:00\",\"dateModified\":\"2019-12-10T17:59:51+00:00\",\"breadcrumb\":{\"@id\":\"https:\/\/lynncarone.com\/home\/gravuras\/#breadcrumb\"},\"inLanguage\":\"pt-BR\",\"potentialAction\":[{\"@type\":\"ReadAction\",\"target\":[\"https:\/\/lynncarone.com\/home\/gravuras\/\"]}]},{\"@type\":\"BreadcrumbList\",\"@id\":\"https:\/\/lynncarone.com\/home\/gravuras\/#breadcrumb\",\"itemListElement\":[{\"@type\":\"ListItem\",\"position\":1,\"name\":\"Gravuras\"}]}]}<\/script>\n<!-- \/ Yoast SEO plugin. -->","yoast_head_json":{"title":"Gravuras - Lynn Carone","robots":{"index":"index","follow":"follow","max-snippet":"max-snippet:-1","max-image-preview":"max-image-preview:large","max-video-preview":"max-video-preview:-1"},"canonical":"https:\/\/lynncarone.com\/home\/gravuras\/","og_locale":"pt_BR","og_type":"article","og_title":"Gravuras - Lynn Carone","og_url":"https:\/\/lynncarone.com\/home\/gravuras\/","og_site_name":"Lynn Carone","article_modified_time":"2019-12-10T17:59:51+00:00","og_image":[{"url":"http:\/\/lynncarone.com\/wp-content\/uploads\/2019\/05\/7-S\u00e9rie-_ainda-est\u00e1-em-tempo_gravura-em-metal-\u00e1gua-forte-e-\u00e1gua-tinta.jpg"}],"twitter_card":"summary_large_image","schema":{"@context":"https:\/\/schema.org","@graph":[{"@type":["Person","Organization"],"@id":"https:\/\/lynncarone.com\/home\/#\/schema\/person\/62b358248c7f3728d47b3b8a4983b6cb","name":"Lynn Carone","image":{"@type":"ImageObject","inLanguage":"pt-BR","@id":"https:\/\/lynncarone.com\/home\/#\/schema\/person\/image\/","url":"https:\/\/lynncarone.com\/wp-content\/uploads\/2021\/07\/56539157_2331523753751186_6152032844651692032_n.jpg","contentUrl":"https:\/\/lynncarone.com\/wp-content\/uploads\/2021\/07\/56539157_2331523753751186_6152032844651692032_n.jpg","width":2048,"height":2047,"caption":"Lynn Carone"},"logo":{"@id":"https:\/\/lynncarone.com\/home\/#\/schema\/person\/image\/"}},{"@type":"WebSite","@id":"https:\/\/lynncarone.com\/home\/#website","url":"https:\/\/lynncarone.com\/home\/","name":"Lynn Carone","description":"Site","publisher":{"@id":"https:\/\/lynncarone.com\/home\/#\/schema\/person\/62b358248c7f3728d47b3b8a4983b6cb"},"potentialAction":[{"@type":"SearchAction","target":{"@type":"EntryPoint","urlTemplate":"https:\/\/lynncarone.com\/home\/?s={search_term_string}"},"query-input":"required name=search_term_string"}],"inLanguage":"pt-BR"},{"@type":"WebPage","@id":"https:\/\/lynncarone.com\/home\/gravuras\/#webpage","url":"https:\/\/lynncarone.com\/home\/gravuras\/","name":"Gravuras - Lynn Carone","isPartOf":{"@id":"https:\/\/lynncarone.com\/home\/#website"},"datePublished":"2019-05-07T03:55:51+00:00","dateModified":"2019-12-10T17:59:51+00:00","breadcrumb":{"@id":"https:\/\/lynncarone.com\/home\/gravuras\/#breadcrumb"},"inLanguage":"pt-BR","potentialAction":[{"@type":"ReadAction","target":["https:\/\/lynncarone.com\/home\/gravuras\/"]}]},{"@type":"BreadcrumbList","@id":"https:\/\/lynncarone.com\/home\/gravuras\/#breadcrumb","itemListElement":[{"@type":"ListItem","position":1,"name":"Gravuras"}]}]}},"_links":{"self":[{"href":"https:\/\/lynncarone.com\/home\/wp-json\/wp\/v2\/pages\/81"}],"collection":[{"href":"https:\/\/lynncarone.com\/home\/wp-json\/wp\/v2\/pages"}],"about":[{"href":"https:\/\/lynncarone.com\/home\/wp-json\/wp\/v2\/types\/page"}],"author":[{"embeddable":true,"href":"https:\/\/lynncarone.com\/home\/wp-json\/wp\/v2\/users\/2"}],"replies":[{"embeddable":true,"href":"https:\/\/lynncarone.com\/home\/wp-json\/wp\/v2\/comments?post=81"}],"version-history":[{"count":11,"href":"https:\/\/lynncarone.com\/home\/wp-json\/wp\/v2\/pages\/81\/revisions"}],"predecessor-version":[{"id":795,"href":"https:\/\/lynncarone.com\/home\/wp-json\/wp\/v2\/pages\/81\/revisions\/795"}],"wp:attachment":[{"href":"https:\/\/lynncarone.com\/home\/wp-json\/wp\/v2\/media?parent=81"}],"curies":[{"name":"wp","href":"https:\/\/api.w.org\/{rel}","templated":true}]}}